alse
Let p be 16/12*(-39)/(-2). Suppose 3*l - p = l. Is l composite?
False
Let y = 2172 + 71. Is y composite?
False
Let a be ((0 + 2)/2)/(-1). Is -2*(111/6)/a prime?
True
Let d be (-134)/((-2)/15*3). Is d + (4 - (-2)/(-1)) prime?
True
Let n(f) = -f**3 - 8*f**2 - 7*f - 6. Let r(j) = -j**2 - 3*j + 3. Let q be r(2). Let y be n(q). Let g = y + 31. Is g prime?
False
Let f = 163 - 66. Is f composite?
False
Is (-2)/2*(-265 - -2) prime?
True
Let j be 3/1 - 2 - -2. Suppose -4*d = 2*b - 570 - 12, j*d = -3*b + 876. Is b a prime number?
True
Let l(q) = q**3 + 4*q**2 - 2*q - 2. Let j(z) = -z - 1. Let u be j(1). Let c be l(u). Is 74/c + 4/(-10) a prime number?
True
Let j(r) = 2*r**2 - 16*r + 1. Let s be j(12). Let o = -14 + s. Is o composite?
False
Is ((-915)/30)/((-1)/10) composite?
True
Suppose -s = -5*m + 26, s - 1 = -2. Suppose m*k = 4*t - 40, 4*t = -k - k + 12. Suppose -t*z = -z - 308. Is z a prime number?
False
Let i be ((-8)/5 - -2)*10. Suppose -i*w = -7*w + 153. Is w composite?
True
Let a(v) = 5*v - 6. Let z(u) = -5*u + 7. Let t(x) = -5*a(x) - 4*z(x). Is t(-7) a composite number?
False
Let k = -1653 - -3698. Is k prime?
False
Let x be 12/2 + (0 - 2). Suppose -25 = -f - x*f. Suppose -8 = f*g - 583. Is g a prime number?
False
Let k = 239 - 142. Let i(r) = r**3 + 9*r**2 + r + 3. Let y be i(-9). Let t = k + y. Is t composite?
True
Let p = -6 - -8. Suppose 3*v = -2*v + 20. Suppose 0 = -4*f + 8, -v*g = f - p*f - 354. Is g a prime number?
True
Is 72/(3 + -2) - 3 prime?
False
Let f be (-668)/(-9) + (-10)/45. Let d = -23 + f. Is d a prime number?
False
Let x(c) = 36*c - 3. Let o be x(-3). Let b = 47 + o. Let n = -27 - b. Is n prime?
True
Is (-43*7)/(-4 + 3) a prime number?
False
Suppose 0 = h + 3, -3*a - 3 = 3*h - 0. Suppose 3*y - 788 - 463 = a*r, 4*y + 2*r = 1682. Is y a prime number?
True
Suppose 3*z = -0*z - 9. Is 12/z - (2 + -121) prime?
False
Let v(g) = -g**2 - 2*g - 1. Let a be v(-2). Is (-336)/(-3) - (a + 2) a composite number?
True
Let r(y) = 2*y**2 - y - 3*y**2 + 4*y**2. Let a be r(1). Suppose -a*o + 35 = -75. Is o composite?
True
Suppose 2*n + n = 3*h + 888, 306 = n + 4*h. Is n a prime number?
False
Let f be -1 - 3/((-9)/(-30)). Let v = -5 - f. Let g(c) = c**2 - 4*c - 2. Is g(v) composite?
True
Is (-1)/(-7) + (-39372)/(-119) prime?
True
Let c = -67 - -206. Is c prime?
True
Suppose -992 - 286 = -6*f. Is f a composite number?
True
Suppose -25 = -0*y - 5*y. Suppose 4*l = y*l - 1. Is (-3 - -2) + 192*l a prime number?
True
Suppose 5*r - 283 = -2*m, -6*m + 760 = -m - 5*r. Is m composite?
False
Let u(x) = 64*x + 15. Is u(5) composite?
True
Let k(r) = -2*r**3 - 8*r**2 - 2*r - 7. Let u = -19 + 13. Is k(u) a prime number?
True
Suppose -5*x + 1936 = -4*w, 0 = 4*x - 7*w + 2*w - 1556. Let b = x - 133. Is b composite?
False
Let a(z) = -z**3 - 11 + 7*z**2 + 0*z**3 + z + 4. Let l be a(7). Is 58/1 + l + 1 a composite number?
False
Let l be ((-24)/(-5))/(6/40). Suppose 3*i - l = 67. Let x = i + -19. Is x a prime number?
False
Suppose 0 = -3*s - 5*v + 407, 391 + 143 = 4*s - 2*v. Is s a prime number?
False
Let v(f) = -5*f**3 - 4*f + 4. Is v(-5) a composite number?
True
Suppose -3*x = -5*x. Suppose 3*r - q + 90 - 325 = x, -251 = -3*r + 5*q. Is r a composite number?
True
Suppose 0*o - 4*b = -2*o - 32, 0 = -o - b - 31. Let p be o/8 - 1/(-4). Let t(i) = 4*i**2 - 2*i + 1. Is t(p) a prime number?
True
Let z(r) = 113*r**2 + 8*r - 7. Is z(-4) prime?
False
Let t = 68 - 61. Is t prime?
True
Let o = 26 - -12. Let l be -1 - (-2)/(2/13). Let j = o - l. Is j prime?
False
Let h(d) = d**3 - 18*d**2 + 2*d - 20. Is h(19) a composite number?
False
Let l(b) = b + 5. Let c be l(-3). Suppose 0 = -c*i - 0*i. Suppose 46 = -i*f + 2*f. Is f a prime number?
True
Suppose -2332 = -u + 259. Is u prime?
True
Let i(l) = 16*l - 18*l - 22*l**3 - 346*l**3 - 3*l**2. Is i(-1) a prime number?
True
Let a(w) = 2*w**2. Let f be a(1). Suppose f*p = -5*x + 3, -4*p - 4*x - 24 = -9*p. Suppose -3*n + i + 54 = 0, -52 = -p*n - 3*i + 33. Is n composite?
False
Suppose 0 = -2*d + 6. Is 189/2 + d/(-2) a prime number?
False
Suppose -15*i = -18*i + 1497. Is i prime?
True
Suppose -3*j + 1051 = 2*c, 0 = 2*c - 2*j - 3*j - 1027. Is c a composite number?
False
Let d(g) = g**2 - 2. Suppose 2*w - 7*w = 20. Is d(w) composite?
True
Let a(f) = f**2 - 10*f + 2. Let j be a(10). Let i be j/(-4) - (-4)/(-8). Is ((-22)/i)/2 + -2 prime?
False
Suppose -3*c + 198 + 375 = 0. Is c prime?
True
Let a be (-6)/(1 - 5/2). Suppose -r - a*g + 3 = -g, 15 = -5*g. Let o = 49 - r. Is o a composite number?
False
Suppose 388 = -3*g - u, -5*g = -2*u - 0*u + 665. Is 1/(392/g - -3) a prime number?
True
Let u(z) = -58*z**3 + 3*z**2 - 3*z - 5. Is u(-3) a prime number?
True
Suppose -2*g + 4 + 2 = 0. Is (g/(-6))/((-1)/166) prime?
True
Let z be (-2)/(-6) + 105/9. Suppose 2*c = 2*w + 55 - 11, 0 = -5*c - 5*w + 70. Suppose -2*m + c + z = 0. Is m prime?
False
Let b be (5 - 8)*(-28)/6. Suppose -a + 4*x + b = 0, 3*a + 4*x = a - 8. Suppose -3*m - 3*s + 62 = -a*s, 2*s = 4*m - 66. Is m composite?
False
Let u be ((-2)/5)/(2/(-10)). Suppose -u*x + 4 = 14. Let d(m) = -m**2 - 8*m + 4. Is d(x) composite?
False
Let b(s) = 250*s + 1. Is b(3) composite?
False
Suppose -4 - 6 = -2*q. Suppose -s + 73 = -0*s + 2*m, q*s = 4*m + 323. Is s prime?
True
Suppose 4*i - 466 = 2*i + 3*q, -233 = -i - 5*q. Suppose 0 = -5*u + 122 + i. Is u prime?
True
Let h(v) = v**2 - 6*v + 9. Let b be h(7). Suppose -b = p - 0*p + r, -4*r = 5*p + 75. Is 0 - p - (1 + -3) a prime number?
True
Let y(v) = 10 - v + 2*v**2 + 10*v + 4*v. Is y(-8) a composite number?
True
Is 3/(-7) - (-30320)/56 a prime number?
True
Let n(d) = 3*d**3 + 2*d + 0*d**3 - 4*d**3 - 2*d**2. Let x be n(-3). Let q(p) = 4*p**2 + 3*p + 2. Is q(x) a composite number?
False
Suppose 5*r - 27 = 3*m - 6*m, 62 = 4*m - 2*r. Is m composite?
True
Let k = 123 - 84. Let d = k - -56. Is d composite?
True
Suppose 0*z = -3*z + 705. Is z a prime number?
False
Let h(u) = -13*u**3 + 2*u**2 - 5*u - 7. Is h(-4) prime?
True
Suppose -w + 0 = -3. Suppose -w = -5*p + 4*p. Suppose -p*d - 8 = -5*d. Is d a prime number?
False
Let g be -2*(0/2 - 1). Suppose 3*m = 3*l + 28 - 1, -g*m + 14 = -l. Suppose 143 = -0*d + m*d - 3*j, -4*d + 112 = -3*j. Is d prime?
True
Suppose 4*l - 14 = 5*a, -1 - 4 = -5*l. Is ((-6)/a)/((-4)/(-28)) a prime number?
False
Let q(u) = -u**3 - 6*u**2 - 5*u + 3. Let d be q(-5). Suppose 1 = 4*s - d. Is (-46 - s)*1*-1 a prime number?
True
Suppose 2*y = 4*d - 2*d + 48, 4*y + d - 106 = 0. Let j be 2/(-4) - y/(-4). Suppose j*x - 15 = x. Is x a prime number?
True
Let z(h) = 24*h - 8. Let b be z(6). Suppose b = 3*r + r. Is r + ((-3)/(-1) - 4) prime?
False
Let q = 173 + 418. Is q composite?
True
Suppose 1576 = 2*c - 3*p, p - 4*p = 3*c - 2349. Is c a composite number?
True
Let i = 18 - 49. Let s = i + 50. Is s composite?
False
Let b(u) = 1 - 6*u**2 + 2*u**3 - 4 + 2*u + 1 - 5. Let y be b(5). Suppose -m + y = 14. Is m a prime number?
True
Let j = 151 + -24. Suppose 0*x - x + j = 0. Is x a prime number?
True
Let x(j) = 5*j**2 - 3*j + 3. Let q be x(2). Suppose -5*h + 5*u = -35, 0*h + 4*h + q = -5*u. Suppose -h*i + 106 = -24. Is i composite?
True
Let d be 2 + -1 + (3 - 2). Suppose 32 = d*o - 42. Is o a prime number?
True
Let z = -232 + 92. Is (-6)/(-18) - z/3 a prime number?
True
Let x = -2 - -6. Suppose -x*k - k = -115. Is k composite?
False
Suppose c + 0*c = 9. Let s(z) = z**3 - 7*z**2 - 11*z - 10. Is s(c) a composite number?
False
Suppose -5*t + 10 = 0, -s = s + 5*t - 22. Is -60*s/(-4) - -1 composite?
True
Let q = -211 + -735. Let u = q + 590. Is (2/8)/((-1)/u) composite?
False
Suppose 5*w - 5 - 45 = 0. Suppose -s = -2*s + w. Is (0 - -2 - -1) + s prime?
True
Suppose 0 = 5*r + 15, -3*r - 2*r - 16 = k. Let h be 206/4*(-1 + k). Let s = h + 314. Is s prime?
True
Let d(z) = -z**2 + 3*z + 3. Let h be d(3). Let u be (13/h)/(3/36). Suppose 2*s + 2*s = u. Is s composite?
False
Suppose 5*v = 2*z + 9427, v - 5*z + 702 = 2569. Suppose 963 = 3*p + 2*h, 5*p + h = v - 289. Is p composite?
True
Let l(f) = 24*f**2 - 6*f. Let y(q) = 24*q**2 - 7*q. Let b(z) = 6*l(z) - 5*y(z). Let h be (-5)/25 + (-12)/(-10). Is b(h) a composite number?
False
Let c = 8 - 6. Suppose w + 0*w = -3*h + 67, -c*w = -h - 162. Is w prime?
True
Let h(g) = 153*g - 3. Let s be h(2). Suppose 3*p + 278 = 2*u,